s o(-309)?
65
Let k(d) = 1076*d - 117. What is k(0)?
-117
Let q(i) = 33558*i - 101205. Give q(3).
-531
Let m(t) = -2*t**3 - 55*t**2 + 55*t + 2209. Calculate m(-27).
-5
Let s(u) = 1385*u - 33702. Give s(24).
-462
Let r(k) = 14*k**2 + 1057*k - 5639. Determine r(5).
-4
Let m(o) = -o**2 - 493*o + 8569. Calculate m(17).
-101
Let o(d) = 487*d + 155359. Calculate o(-319).
6
Let q(r) = -r**2 - 7559*r - 330668. What is q(-44)?
-8
Let x(w) = -3*w**3 + 54*w**2 - 129*w + 22. Calculate x(18).
-2300
Let w(u) = -u**3 + 39*u**2 - 202*u - 2046. Determine w(30).
-6
Let a(r) = r**2 - 11359*r - 3725288. Calculate a(-319).
-6
Let r(x) = -2*x**2 - 56*x - 178. Give r(-11).
196
Let r(m) = -309*m + 3152. Calculate r(12).
-556
Let x(g) = -132*g**2 + 808*g - 20. Calculate x(6).
76
Let b(a) = -a**3 - 1002*a**2 + 5*a + 5014. Give b(-1002).
4
Let q(r) = 4*r**2 - 121*r + 160. What is q(29)?
15
Let i(p) = -p**3 - 7*p**2 + 205*p + 192. Calculate i(-18).
66
Let d(o) = 5*o + 942. What is d(-189)?
-3
Let h(q) = -189112*q - 1891182. Determine h(-10).
-62
Let p(x) = -103831*x - 1142213. Calculate p(-11).
-72
Let t(u) = -286*u**2 - 2586*u - 29. Determine t(-9).
79
Let g(h) = 79*h**2 + 118*h + 800. What is g(-6)?
2936
Let c(z) = z**3 + 122*z**2 - 2224*z - 2296. Determine c(-138).
-88
Let n(c) = -8*c**2 + 915*c - 2077. What is n(112)?
51
Let j(p) = -203*p + 421. What is j(-3)?
1030
Let k(l) = -37536*l + 1051007. What is k(28)?
-1
Let k(v) = v**3 - 13*v**2 + 4883*v + 19815. Calculate k(-4).
11
Let z(p) = 1960*p**2 + 13712*p - 32. Determine z(-7).
24
Let v(f) = 91*f + 4963. Determine v(-50).
413
Let r(y) = y**2 - 666*y - 441142. Give r(1076).
18
Let f(g) = -143*g**3 + 1025*g**2 - 129*g - 272. Determine f(7).
1
Let v(m) = 9786*m - 29254. Determine v(3).
104
Let n(d) = -5*d**2 + 91*d - 269. Determine n(15).
-29
Let k(z) = -z**3 + 28*z**2 + 152*z + 138. Determine k(32).
906
Let w(m) = 367849*m - 1471307. Give w(4).
89
Let b(h) = h**2 - 135*h + 1332. Calculate b(117).
-774
Let p(b) = b**2 + 6350*b - 63593. What is p(10)?
7
Let n(o) = 2*o**2 + 310161*o + 930495. What is n(-3)?
30
Let i(c) = -c**2 - 215*c + 511891. What is i(-831)?
-5
Let q(n) = n**2 + 1374*n + 13396. What is q(-10)?
-244
Let c(r) = 5519*r + 3719812. Give c(-674).
6
Let y(u) = -11821*u - 23641. What is y(-2)?
1
Let k(o) = -o**3 + 51*o**2 - 672*o + 1476. Give k(19).
260
Let f(j) = j**3 + 7*j**2 - 4286*j - 541. Determine f(-69).
11
Let j(z) = z**2 - 39162*z + 665467. Determine j(17).
2
Let d(w) = w**2 + 21772*w + 565339. Calculate d(-26).
-57
Let j(t) = t**3 + 318*t**2 - 21803*t - 341. Determine j(58).
-51
Let v(l) = 7547*l - 113540. Determine v(15).
-335
Let h(b) = -192*b**2 + 19189*b - 17928. Calculate h(99).
-9
Let c(j) = -229*j**2 - 174*j - 6. Give c(-1).
-61
Let x(s) = s**2 + 13323*s - 159800. Give x(12).
220
Let n(u) = -2510*u**2 + 17580*u - 30. Determine n(7).
40
Let i(x) = -33519*x + 603323. Calculate i(18).
-19
Let t(k) = -k**3 - 22*k**2 - 157*k + 1917. Determine t(6).
-33
Let l(o) = 584*o + 56398. What is l(-98)?
-834
Let f(c) = 123*c**2 + 1085*c + 2066. What is f(-6)?
-16
Let r(b) = b**3 - 78*b**2 - 454*b + 3128. Calculate r(83).
-109
Let x(s) = -4769*s + 410193. What is x(86)?
59
Let z(r) = 7*r**2 + 288*r + 1996. What is z(-32)?
-52
Let c(y) = 11797*y + 23530. What is c(-2)?
-64
Let w(a) = -43*a - 1924. What is w(-24)?
-892
Let x(c) = 6*c**3 + 70*c**2 - 66*c - 452. Give x(-12).
52
Let s(k) = -649*k**2 - 25959*k + 54. Calculate s(-40).
14
Let z(l) = l**2 - 30*l - 5025. What is z(-60)?
375
Let f(c) = -c**3 + 22*c**2 - 3825*c + 84160. What is f(22)?
10
Let a(b) = -b**2 - 2493*b + 1019. Give a(0).
1019
Let p(t) = t**3 + 53*t**2 + 221*t - 18. Determine p(-48).
894
Let o(s) = -13015*s - 104048. Calculate o(-8).
72
Let m(g) = 7*g**3 - 111*g**2 + 1587*g - 25629. What is m(16)?
19
Let o(k) = k**3 + 18*k**2 - 4*k + 393. Give o(-19).
108
Let v(t) = -5*t**3 - 2655*t**2 + 5341*t + 5900. Determine v(-533).
37
Let n(s) = 77*s**2 - 3557*s + 696. What is n(46)?
6
Let d(p) = 1938*p - 952. What is d(1)?
986
Let l(s) = -s**3 - 28*s**2 + 61*s + 487. Calculate l(-29).
-441
Let w(y) = y**3 + 12*y**2 - 126*y + 32. Give w(-20).
-648
Let d(o) = o**3 + 82*o**2 - 742*o - 1951. Determine d(-90).
29
Let q(v) = -46*v + 1521. Calculate q(22).
509
Let d(m) = -19*m**2 + 260*m - 665. Determine d(10).
35
Let o(a) = a**2 + 432*a + 37885. What is o(-121)?
254
Let s(v) = -18388*v - 110374. Determine s(-6).
-46
Let g(c) = c**3 + 34*c**2 + 42*c - 2917. Give g(-29).
70
Let x(i) = 2671*i + 200262. Calculate x(-75).
-63
Let k(n) = -3*n**3 - 280*n**2 - 112*n - 1816. Determine k(-93).
-49
Let i(h) = h**2 - 50*h - 407. Give i(-8).
57
Let x(a) = -520*a + 1546. Determine x(2).
506
Let k(s) = 2668*s - 79998. Determine k(30).
42
Let l(i) = -1988*i - 59660. Give l(-30).
-20
Let u(i) = -3828*i + 22288. What is u(6)?
-680
Let i(b) = -5*b**2 - 215*b + 1521. Calculate i(7).
-229
Let i(j) = -5225*j**2 - 31274*j - 23. Determine i(-6).
-479
Let r(o) = -10*o**2 - 2297*o + 4622. What is r(2)?
-12
Let l(s) = -520*s**2 - 4679*s + 49. What is l(-9)?
40
Let l(p) = -65*p - 2903. What is l(-43)?
-108
Let j(t) = t**2 + 26664*t + 559513. Calculate j(-21).
10
Let r(h) = 7*h**3 + 5*h**2 + 39*h - 9. Determine r(-3).
-270
Let a(l) = 3226*l + 112882. Calculate a(-35).
-28
Let o(j) = 2254*j + 211831. What is o(-94)?
-45
Let d(z) = -z**3 + 71*z**2 + 206*z - 9679. What is d(72)?
-31
Let p(n) = 2*n**3 - n**2 - 167*n + 327. Give p(2).
5
Let h(i) = -47*i**2 - 343*i + 2. Give h(-4).
622
Let j(i) = -11*i**3 - 538*i**2 + 1626*i + 6. Calculate j(3).
-255
Let a(w) = 13*w**3 + 268*w**2 + 174*w + 227. Calculate a(-20).
-53
Let m(a) = -a**3 - 72*a**2 + 651*a + 31. Give m(8).
119
Let k(a) = -a**2 - 700*a - 34403. Give k(-53).
-112
Let h(u) = 17*u**2 + 2383*u + 10111. Determine h(-136).
455
Let x(s) = 101*s - 3659. Determine x(36).
-23
Let x(s) = -s**3 - 1655*s**2 + 11629*s + 34. What is x(7)?
-1
Let p(a) = 15*a**2 + 276*a - 254. What is p(-20)?
226
Let y(f) = -f**3 - 56*f**2 - 86*f + 103. What is y(-54)?
-1085
Let r(k) = -9*k**2 + 680*k - 4713. Determine r(7).
-394
Let y(f) = -f**2 + 699*f - 16818. Give y(25).
32
Let x(b) = -b**2 - 1835*b - 181843. What is x(-105)?
-193
Let g(u) = -4925*u - 142830. Determine g(-29).
-5
Let r(g) = 10*g**2 + 625*g + 1855. Give r(-59).
-210
Let m(q) = -117033*q - 1287364. Calculate m(-11).
-1
Let j(w) = -53464*w + 1924703. Determine j(36).
-1
Let k(d) = 2399*d - 4806. Calculate k(2).
-8
Let j(v) = -68*v**2 - 2886*v - 12725. Give j(-5).
5
Let p(i) = -i**3 - 149*i**2 + 1380*i - 999. Determine p(8).
-7
Let n(q) = -q**3 + 1715*q**2 - 18739*q - 55. Calculate n(11).
0
Let w(n) = -n**3 - 420*n**2 + 128974*n - 3715. Determine w(206).
-7
Let a(c) = 77124*c + 2082358. What is a(-27)?
10
Let p(g) = -1697*g - 52680. Calculate p(-31).
-73
Let h(l) = 14737*l + 176920. Determine h(-12).
76
Let q(s) = s**3 + 7*s**2 - 279*s - 3979. What is q(19)?
106
Let q(l) = -1417*l + 29947. Calculate q(21).
190
Let h(a) = 263*a + 38693. Determine h(-147).
32
Let r(y) = 16195*y - 162018. Determine r(10).
-68
Let a(m) = -6388*m + 855971. Determine a(134).
-21
Let w(j) = 3*j**3 + 465*j**2 - 467*j + 94. Calculate w(-156).
-62
Let j(f) = -20*f**2 + 6242*f - 111884. Determine j(293).
42
Let j(o) = -o**3 - 3*o**2 - 36541*o - 292652. Calculate j(-8).
-4
Let j(w) = -1779*w - 8896. Determine j(-5).
-1
Let z(w) = -w**3 + 89*w**2 + 21*w + 83. Determine z(-4).
1487
Let s(r) = 7783*r + 77847. Calculate s(-10).
17
Let r(s) = -500*s**2 - 66503*s - 407. Give r(-133).
-8
Let c(n) = n**2 - 566*n + 75432. Calculate c(215).
-33
Let s(v) = 278*v**2 + 6745*v + 31332. Give s(-18).
-6
Let s(h) = -237*h - 13187. Calculate s(-56).
85
Let y(q) = 2*q**3 + 102*q**2 + 614*q - 88. Give y(-44).
0
Let u(f) = -10243*f + 71612. What is u(7)?
-89
Let o(c) = c**3 + 231*c**2 - 2115*c + 10834. Give o(-240).
34
Let c(l) = l**3 + 5*l**2 - 627*l - 4275. Give c(-7).
16
Let o(z) = 2*z**3 + 66*z**2 + 215*z - 436. Calculate o(-5).
-111
Let y(k) = 12*k**3 - 369*k**2 - 1649*k + 92. Give y(-4).
16
Let l(o) = 31*o**3 + 64*o - 133. What is l(2)?
243
Let o(m) = 288*m**2 - 12097*m + 59. Determine o(42).
17
Let h(w) = -48223*w + 723256. Calculate h(15).
-89
Let v(c) = -2*c**2 + 141*c - 2059. What is v(49)?
48
Let d(y) = -39134*y + 273902. Give d(7).
